b*q + 4*i = 5*q - 50. What is the tens digit of q?
2
Suppose -1604 = -3*g - a, -2*g - 208 = -3*a - 1259. Let n = -354 + g. What is the units digit of n?
9
Suppose 2*k - 4*d - 161 = -d, 3*k = -5*d + 289. Suppose j + 3*n = -j + 84, -k = -3*j + 5*n. What is the units digit of j?
6
Suppose 145 = -4*r + 601. Suppose 0 = 3*a, 0*s + a = -s + r. What is the tens digit of s?
1
Let q be 11 + -9 - (-3 + 0). Suppose -2*y - 483 = -q*y. What is the hundreds digit of y?
1
Let g = -21 - 0. Let o = g + 21. Suppose o = 5*y - 102 - 28. What is the units digit of y?
6
Let b(o) = -o**3 - o**2 - 15*o + 22. Let u be b(-15). Let h = u + -2340. What is the tens digit of (-2)/(-8) - h/(-28)?
3
Suppose -16*k = -14*k + 32. Let z = k - -18. Suppose 2*b - 54 - 52 = -2*m, -2*b + 86 = -z*m. What is the tens digit of b?
4
Let q(k) = 52*k**3 - 5*k**2 - 2*k - 2. What is the hundreds digit of q(3)?
3
Let j = 18 + -31. Let u = 52 + j. What is the units digit of u?
9
Let q(t) = 50*t**3 + t + 1. Let y be q(-1). Let i = y - -88. What is the units digit of i?
8
Let l(q) = 2*q + 14. Let p(o) = -2*o**2 - 24*o - 3. Let z be p(-11). What is the tens digit of l(z)?
5
Let g(z) = 77*z - 81*z + 40*z**2 + 2 + 43*z**2. What is the tens digit of g(1)?
8
Let w(a) = -a**3 - 4*a**2 - 3*a + 1. Let d be w(-3). Suppose -11 - d = 3*m. What is the units digit of 2/(-3*m/192)?
2
Let u(x) = -2*x**3 - x**2 - 16*x + 504. What is the units digit of u(0)?
4
Let w(y) = 4*y**2 + 6*y - 25. Let o be w(6). Let k = o + -48. What is the tens digit of k?
0
Let a(g) = -73*g. Let u be a(-1). Suppose -s + u = -90. What is the units digit of s?
3
Let v = -91 + 49. Let x = 23 - v. What is the tens digit of x?
6
Suppose 0 = -3*p - p + 6968. What is the hundreds digit of p?
7
Let d(n) = 3*n + 16. Let a be d(-5). What is the tens digit of 56 - (a + (-2)/(-2))?
5
Let f = 7 + 10. Let q = 29 - f. What is the units digit of 4/q*(15 - 0)?
5
Let g(x) = 3*x**3 + x + 1. Let h be g(2). Suppose -6*c + h = -3*c. What is the units digit of c*-5*8/(-20)?
8
Let g(b) be the second derivative of b**4/12 - b**3 + 11*b**2/2 - 10*b. What is the tens digit of g(6)?
1
What is the hundreds digit of (-2)/7 + 3 + (-8172)/(-84)?
1
Suppose 2*l + 19 = 5*i + 52, 3*i = 5*l - 111. Let q = l - 17. Let u = 8 + q. What is the units digit of u?
5
Suppose 3*y + 5*i = 23 - 9, -3*y - i - 2 = 0. Let a(b) = -3*b + 1. What is the units digit of a(y)?
7
Let j = 1631 - 1064. What is the hundreds digit of j?
5
Let a = -1488 - -4529. What is the hundreds digit of a?
0
Let b = 1537 - 631. What is the hundreds digit of b?
9
Suppose -11*k - 17426 + 43782 = 0. What is the units digit of k?
6
Let c(q) = -208*q - 412. What is the tens digit of c(-24)?
8
Suppose 4*f - 16 - 20 = -2*p, 0 = 3*f + 4*p - 27. Let n = 33 + f. What is the tens digit of n?
4
Suppose o = -3*o - x + 782, 2*o = -5*x + 400. What is the tens digit of o?
9
Let g = 133 - 80. Suppose k + h + 14 = -12, 0 = 2*h + 10. Let q = k + g. What is the units digit of q?
2
Let z = 57 - 52. Suppose z*a - 776 = -2*o - 205, o = 2*a - 223. What is the units digit of a?
3
Let o(c) be the first derivative of c**4/4 + 2*c**3 + 3*c**2/2 - 6*c + 9. Let f be o(-5). What is the units digit of 61 - (-2)/(f/(-2))?
0
Suppose 9*s = 12*s - 3. What is the tens digit of (s - -4)/(4/36)?
4
Let k(t) = 155*t + 9. What is the tens digit of k(2)?
1
Suppose 25 = 3*w + 2*w. Suppose -784 = b - w*b. What is the tens digit of b?
9
Suppose 5*z = 2*y - 7*y + 165, 0 = -5*z - 2*y + 156. Suppose 4*q + 22 = -z. What is the units digit of (-14 - -11)*q/3?
3
Suppose -7*g + 342 = -22. What is the hundreds digit of (2 - 0)*(g - -9)?
1
Suppose s = -s. Suppose -81 = -4*x + 3*x + 3*i, s = -5*x + i + 433. Suppose -w = 2*w - x. What is the units digit of w?
9
Suppose 0*a + 2023 = 17*a. What is the units digit of a?
9
Suppose -3*w - 2*w + 5*v + 635 = 0, 605 = 5*w + 5*v. What is the tens digit of w?
2
Let c(i) = 4*i**3 - i**2 - 2*i - 2. Let u = -10 - -9. Let o be c(u). What is the tens digit of 17/(4*o/(-40))?
3
Suppose -4*z + 0*z + 100 = 0. Let u be 2/(-4) - z/(-10). Suppose q + 72 = u*d - q, -4*q = d - 16. What is the tens digit of d?
3
What is the tens digit of (-3)/(-6)*2690/(-15)*-3?
6
Let z = 61 + 76. Let h = 193 - z. What is the tens digit of h?
5
Let m = 54 - 81. What is the tens digit of 3070/45 - (-6)/m?
6
Suppose -52 = 2*m - 316. Suppose 6*y - 2*y = -m. Let g = y + 62. What is the tens digit of g?
2
Let r(m) = 3*m**2 - 4*m + 2. Let s be r(5). Let k = 12 + s. What is the units digit of k?
9
Suppose -6*v = -28*v + 4048. What is the tens digit of v?
8
Let u(w) = -w**3 - 9*w**2 + 12*w + 23. Let b(s) = s**2 - 15*s + 4. Let z be b(14). What is the units digit of u(z)?
3
Let m = -3 - -12. Suppose -4*n + 25 = 5. Suppose 1 = n*c - 3*i - m, 0 = c + 4*i - 25. What is the units digit of c?
5
Let m be (4/(-10))/((-1)/125). What is the units digit of ((-6)/(-27) - m/(-18)) + 1?
4
Suppose 2*k - 535 = -3*k. Let u = k - 54. Let f = u - 38. What is the tens digit of f?
1
Suppose 542 - 4052 = -5*m. Suppose 6*s - m = 3*s. What is the tens digit of s?
3
Let z = 54 + -51. Suppose 108 = z*s - 165. What is the units digit of s?
1
Let r = 7 - 5. Suppose 3*i = 2*f + 326, -3*f = -7*i + 3*i + 434. Suppose -r*u + 0*u + i = 0. What is the tens digit of u?
5
Let g(l) = -2*l**2 - l + 209. What is the units digit of g(0)?
9
Let j be (0 - (-6)/(-27)) + (-438)/(-27). Suppose 0 = -j*c + 15*c + 97. What is the tens digit of c?
9
Let b(h) = 5*h**2 - 7*h - 22. What is the hundreds digit of b(8)?
2
Let v = -8 - -3. What is the units digit of (-1)/v*(201 - -4)?
1
Let l(j) = -3*j**2 - j**3 - 5*j**3 + 5*j**3 + 3*j - 5. Let u be 2114/(-453) - (-1 + (-4)/(-3)). What is the units digit of l(u)?
0
Let t(i) = -i**3 + 19*i**2 - 29 - 12*i + 11*i - 10*i. What is the tens digit of t(18)?
9
Let u(y) = -y. Let a(k) = 10*k - 1. Let d(s) = -a(s) + 3*u(s). Let v be d(1). What is the units digit of (-9)/v - (-84)/16?
6
Suppose 2*b = -3*k + 19, -2*b = 4*k - 14 - 6. Suppose -48 = -b*q - 0. What is the units digit of q?
6
Let t be (2*(-15)/(-2))/(-1). Suppose -6*q - 45 = 33. Let b = q - t. What is the units digit of b?
2
Suppose 0 = -3*x - 0*x. Let s(v) = 8 + v**2 - 2 + v - v + v. What is the units digit of s(x)?
6
Let u(c) = 3*c - 3. Let n be u(2). Let q(f) = -f + 6. Let k be q(n). Let m = 26 - k. What is the tens digit of m?
2
Let t be ((-4)/(-10))/(2/10). Suppose 63 + t = 5*d + 2*q, -2*q = -10. What is the tens digit of d?
1
Suppose 2 = -3*b - 4. Let g(s) = 7*s**2 - 3. Let x be g(b). Suppose x*q - 27*q = -104. What is the tens digit of q?
5
Let p be 2 + (4 - 2) + 7. Let b = p + -13. Let z(l) = -4*l**3 + 3*l**2 - 3*l - 3. What is the units digit of z(b)?
7
What is the hundreds digit of 41305/165*((-5)/(-1) + 1)?
5
Suppose 5*v - 2*v + 15 = 0, 4*v = -4*w - 8. Suppose 0 = -s - 3*s - 4*q + 8, -s - 18 = 5*q. What is the units digit of s - 2*(-1 + w)?
3
What is the tens digit of (-5)/25 + (-52836)/(-30)?
6
Let z be 7 + 2/(-2) - (-78 - -25). Suppose -4*u - 4*p - 140 = 0, 0 = -u - 3*u + p - 145. Let r = u + z. What is the units digit of r?
3
Suppose 2*u = k - 273, 3*k + 2*u = 859 - 56. What is the hundreds digit of k?
2
Let f(n) = -n - 1. Let y(k) = -3*k - 6. Let j(l) = 2*f(l) - y(l). Let t be j(-2). Suppose -41 = -5*m + t*z, -z + 4 = 2. What is the units digit of m?
9
Let m = -443 - -828. What is the hundreds digit of m?
3
Suppose 5*h = 3*v + 176, -34 = -h - 2*v - 4. Let q = -26 + h. What is the units digit of 374/q - (-6)/(-8)?
6
Suppose -103 = -g + 1444. What is the thousands digit of g?
1
Let s = 375 - 245. Let o = 3 + -1. Suppose -s = -5*c - r, -o*c + 40 = -r - r. What is the units digit of c?
5
Let n be (2/4)/(4/48). Suppose 0 = -v - 2*c - c + n, -4*v = -4*c - 8. Suppose 2*z + v*x - 33 - 25 = 0, x = 0. What is the units digit of z?
9
Let j be (-3)/(-2)*(-144)/27. Let r be (-2)/4 - 4/j. Let a(h) = -h**3 + h**2 - 2*h + 20. What is the tens digit of a(r)?
2
Let r = 8 + -22. Let m = -4 + 10. Let c = m - r. What is the tens digit of c?
2
Suppose 6*a - 2*a = 0. Let j be 5 + (-3 - (a - 3)). Suppose 0*f - 11 = -f - j*u, 0 = -4*f - 3*u + 95. What is the units digit of f?
6
Let y(h) = -9*h - 11. Let r(x) = 5*x + 5. Let i(n) = -7*r(n) - 4*y(n). Let m(w) = 2*w**2 - 13*w + 1. Let a be m(6). What is the units digit of i(